ivative of p(l). What are the prime factors of v(-4)?
2
Let b = 5 + 22. List the prime factors of (-16)/(-6)*b/6.
2, 3
Let t = -15 - -22. What are the prime factors of t/(1 - 1 - -1)?
7
Suppose a - 15 = -2*a. Suppose a*m - 183 = -53. What are the prime factors of m?
2, 13
Let z(b) = 5*b**2 + 6*b - 5. Let c be z(-5). Suppose 0 = d - 6*d + c. List the prime factors of d.
2, 3
Let w be 1/(2/2)*40. Suppose -2 = -2*t + 6. Suppose -t*y - w = -8*y. What are the prime factors of y?
2, 5
Let x(t) = -5*t - 2. What are the prime factors of x(-2)?
2
Let r be -1*(0 + 21/(-3)). List the prime factors of (7/r)/(2/10).
5
Suppose y - 306 + 18 = 0. What are the prime factors of y?
2, 3
Suppose 10 = 5*q - 10. Suppose 3*h - 3*m - 36 = 0, -q*h + 0*m = m - 43. List the prime factors of h.
11
Let b be (-56)/(-10) - (-4)/10. Let q be (-80)/36 + 2/9. What are the prime factors of (44/b)/(q/(-3))?
11
Let h(x) = x**3 - 9*x**2 + 10*x + 4. Let w = -9 - -17. What are the prime factors of h(w)?
2, 5
Suppose 2*v - 32 = -0*v - 4*r, 3*v = -3*r + 63. Let c = v + -13. What are the prime factors of (-3 - (0 - 2)) + c?
2, 3
Suppose 4*q + q - 40 = 0. What are the prime factors of q + -1 + 0 - -3?
2, 5
Let f(w) = -2*w + 3*w + 0*w. Let q be f(4). Suppose 0 = -6*v + v + 4*p + 76, q*v + 4*p = 32. What are the prime factors of v?
2, 3
Let c(z) = -2*z**2 + 9*z + 4. Let r(u) = u**2 - 8*u - 3. Let w(d) = 2*c(d) + 3*r(d). Let j be w(-6). What are the prime factors of ((-26)/(-4))/(j/(-2))?
13
Let f(h) = -h**2 - 11*h - 4. Let j be f(-10). Let n(g) = -g + 10. Let q be n(j). Suppose -6 = b - q*m, -5*m = -6*m + 4. What are the prime factors of b?
2, 5
Suppose -8*g + 3*g = 4*r - 85, 28 = g + 3*r. What are the prime factors of g?
13
Let k be ((-2 + -2)/(-1))/1. Let a = 9 - k. Suppose -4*m + m = -4*c - 23, -m - 5*c - a = 0. What are the prime factors of m?
5
Let w(z) = -5*z + 2. Let f(s) = s. Let v(r) = -6*f(r) - w(r). Let y be v(-2). Let i(d) = -d**2 - d + 6. What are the prime factors of i(y)?
2, 3
Let j(w) = -w**2 + 13*w + 11. What are the prime factors of j(7)?
53
List the prime factors of (-234)/(-4) - (-12)/8.
2, 3, 5
Let d(x) = -x**3 + 3*x**2 + 2. Let o be d(-3). Let l = o - 39. What are the prime factors of l?
17
Suppose -3*i + 408 = 5*i. What are the prime factors of i?
3, 17
Let i(k) = -3*k - 2. List the prime factors of i(-8).
2, 11
Let x(h) be the first derivative of h**5/20 - h**4/6 - h**3/6 - h**2 + h - 3. Let i(s) be the first derivative of x(s). What are the prime factors of i(3)?
2
Let b = -132 + 200. List the prime factors of b.
2, 17
Let c be 2/(-3)*639/(-6). Suppose -3*g + 3*p - 13 = -52, 3*g - c = -5*p. Suppose -2*x + g = -5. What are the prime factors of x?
11
Let v = -9 - -17. Suppose 0 = 3*r - b - 28 + v, -4*b - 45 = -5*r. Suppose 2*i - 4 = r*y - 1, -5*i = 4*y - 90. List the prime factors of i.
2, 7
Suppose -3*m + 7 = 1. Suppose -4*u = 17 - 1, -3*v + 32 = -2*u. Suppose -5*k + m = -v. List the prime factors of k.
2
Let n(b) = b**3 + 4*b**2 - 8*b - 3. Let v = -9 - -1. Let k = -13 - v. List the prime factors of n(k).
2, 3
Let c(k) be the second derivative of -k**8/6720 - k**6/720 + k**5/60 + k**4/6 + 2*k. Let f(a) be the third derivative of c(a). List the prime factors of f(-2).
2, 3
Suppose 4*c + 15 - 227 = 0. Suppose 0*g + 92 = 4*q + 4*g, -g = -3*q + c. What are the prime factors of q?
19
Let k(q) = -q + 23. Let r be (-4)/(-6)*(0 + -3). Let g(o) = 3*o**2 + 2*o + 3. Let v be g(r). List the prime factors of k(v).
2, 3
Let q(b) = -b**2 + 9*b + 2. Let x be q(9). Let o(l) = -2*l**2 + 2. Let k be o(x). What are the prime factors of k*(-3 - 8/(-3))?
2
Let z(q) = -q**3 - 8*q**2 - 9*q - 9. Let w = -4 - 3. Let u be z(w). Suppose 8*d - u*d = 9. List the prime factors of d.
3
Suppose -3*y + 19 + 20 = 0. List the prime factors of y.
13
Suppose -4*i - 2 = -10. Suppose 0 = -2*u - 8, i*j - 3*u = 2*u + 28. List the prime factors of j.
2
Suppose -i + 12 = 2*b, -12 = -5*b + 8. List the prime factors of 2/(-2 + i) + 2.
3
Let p be (-2)/6 - 66/18. Let w be p/6*3*2. What are the prime factors of (-38)/w + (-4)/8?
3
Let j = -1 - -3. Suppose k - f - j*f = 2, 5*f = 10. What are the prime factors of k?
2
Let c(y) = -y**3 - 5*y**2 + 5*y. Let m be c(-6). Suppose -2*p + m = -5*a - 46, -4*p = 5*a - 164. What are the prime factors of p?
2, 3
What are the prime factors of (24/(-14))/((-18)/693)?
2, 3, 11
Let s = 107 + -76. List the prime factors of s.
31
Suppose 0 = 6*x - 5*x - 47. What are the prime factors of x?
47
Let t(u) = u + 5. Let l be t(-5). Suppose l*d + d = 18. Let s = -6 + d. List the prime factors of s.
2, 3
Let k = -46 + 67. Suppose -h - k = 2*h. Let v = h - -20. What are the prime factors of v?
13
Suppose -m + 1 + 7 = 0. Let s = -4 + m. What are the prime factors of s?
2
Suppose 4*y = 5*s - 79, 3*s - 7 = 2. What are the prime factors of -2 - (-4)/(y/(-124))?
29
Suppose -2*a = a - 126. Suppose -w + 4*w = a. List the prime factors of w.
2, 7
Suppose -2 = -2*r + r. Suppose -2*i = -s + 3, -r*s = 5*i - 42 + 9. What are the prime factors of s?
3
Suppose -m = 4*m - 130. Let s = m + -13. List the prime factors of s.
13
Let n be -2*((-5)/2)/(-1). Let c be -1*(n - 3/3). Suppose 0 = -3*v - 6 - c, 2*j = -3*v + 12. List the prime factors of j.
2, 3
Let h(i) = -i**2 + 4*i + 1. Suppose q = -0*q - 1. Let b be 4/(-1 + q)*-1. List the prime factors of h(b).
5
Let x(y) = 41*y**2 + y + 1. What are the prime factors of x(-1)?
41
Let m(z) be the second derivative of z**7/2520 - z**6/120 - z**5/30 + z**4/3 + 3*z. Let s(g) be the third derivative of m(g). List the prime factors of s(7).
3
Let d(g) be the second derivative of -g**4/12 + g**3 + g**2 + 3*g. List the prime factors of d(6).
2
Let f(r) = 61*r - 5. List the prime factors of f(5).
2, 3, 5
Let j be (6/4)/(3/4). Suppose -5*v + j = -8. What are the prime factors of v?
2
Suppose 0 = -0*s - s - 8. Let i(y) = -11*y**2 + 19*y - 44. Let n(x) = -7*x**2 + 13*x - 29. Let z(b) = s*n(b) + 5*i(b). What are the prime factors of z(9)?
2, 3
Let f(z) = -z**2 + 31*z - 4. List the prime factors of f(24).
2, 41
Let y(x) = 5*x**2 + 1. What are the prime factors of y(1)?
2, 3
Let d = 5 - 8. Let u = 14 - d. Let o = u + -10. List the prime factors of o.
7
Let l = -197 + 330. List the prime factors of l.
7, 19
Let h(n) = n**2 + 8*n + 3. Let c be h(-9). List the prime factors of 8/c - 184/(-12).
2
Suppose 9*x = 191 + 205. What are the prime factors of x?
2, 11
Let z(h) be the first derivative of -3*h + 1 + 3/2*h**2. List the prime factors of z(5).
2, 3
Let k(a) = 41*a**3 + a**2 - 1. Let s be k(-1). Let b = s - -57. List the prime factors of b.
2
Suppose 5*z - 462 = 5*u + 8, 3*u + 375 = 4*z. Suppose z = 3*d + 2*n, -3*d - 5*n = -87 + 3. What are the prime factors of d?
3, 11
Let u = 19 - 15. Suppose 2*b = -g + 45, u*b - 3*g - 2*g - 125 = 0. List the prime factors of b.
5
Let n be ((-24)/6)/(1*-1). List the prime factors of (-1)/n - 625/(-20).
31
Suppose 25 - 180 = -5*l. What are the prime factors of l?
31
Let r(n) = 3*n**3 - 15*n**2 + 8*n - 21. What are the prime factors of r(6)?
3, 5
Let j(c) = 6*c - 1. Suppose 4 = 4*q - 2*p, 1 - 2 = -q - 2*p. Let t be j(q). Suppose t + 23 = 4*v. What are the prime factors of v?
7
Suppose 16 = s - 5*s. Let p be 6/9 - s/(-6). Let m = p + 2. List the prime factors of m.
2
Let m = 156 - -227. What are the prime factors of m?
383
Suppose 3*x + 2 = 230. List the prime factors of x.
2, 19
Let n = -40 - -57. Let l = -6 + n. Let f = l + -2. What are the prime factors of f?
3
Suppose -7*y + 13 = -6*y. Suppose y = 4*x + 5*b, x - 5*b + 0 + 3 = 0. List the prime factors of x.
2
Suppose 4*j + 20 - 4 = 0. Let y(k) = -k**2 - 4*k. Let b be y(j). Suppose -5*r + 12 + 33 = b. What are the prime factors of r?
3
Let s(b) = -2*b + 1. What are the prime factors of s(-13)?
3
Suppose -9 = 5*i - 99. What are the prime factors of i?
2, 3
Let t(w) = -w - 5. Let p be t(-4). Suppose -3*s - 5*o = -37, o + 2*o = 3*s - 69. List the prime factors of 0 + p + s/1.
2, 3
Suppose -z = 3*z - 156. List the prime factors of z.
3, 13
Let c = 166 + -106. List the prime factors of c.
2, 3, 5
Let k(d) = -4 + d - 1 + 1. Let s be k(6). Suppose -3 = -s*q + 7. List the prime factors of q.
5
Let u(q) = q**3 - 3*q**2 - 3*q. Let n be u(4). Suppose 5*s - 4*s + n*p = 23, 46 = 5*s - 3*p. List the prim